{"id":635,"date":"2021-12-16T16:21:57","date_gmt":"2021-12-16T19:21:57","guid":{"rendered":"https:\/\/hvp.ufpr.br\/?page_id=635"},"modified":"2025-05-19T11:36:20","modified_gmt":"2025-05-19T14:36:20","slug":"areas-do-programa","status":"publish","type":"page","link":"https:\/\/hvp.ufpr.br\/?page_id=635","title":{"rendered":"\u00c1reas do Programa"},"content":{"rendered":"<p align=\"justify\">O Programa de Resid\u00eancia em Medicina Veterin\u00e1ria conta com 10 diferentes \u00e1reas da medicina veterin\u00e1ria, listadas abaixo, juntamente com o n\u00famero de vagas totais de cada \u00e1rea*, as quais s\u00e3o distribu\u00eddas entre residentes do primeiro (R1) e segundo (R2) anos.<\/p>\n<p>&nbsp;<\/p>\n<ol>\n<li>Anatomia Patol\u00f3gica: 2 vagas<\/li>\n<li>Anestesiologia Veterin\u00e1ria: 2 vagas<\/li>\n<li>Cl\u00ednica Cir\u00fargica de Pequenos Animais: 6 vagas<\/li>\n<li>Cl\u00ednica M\u00e9dica e Cir\u00fargica de Grandes Animais: 4 vagas<\/li>\n<li>Cl\u00ednica M\u00e9dica de Pequenos Animais:\u00a06 vagas<\/li>\n<li>Diagn\u00f3stico por Imagem:\u00a04 vagas<\/li>\n<li>Medicina Veterin\u00e1ria Preventiva: 2 vagas<\/li>\n<li>Medicina e Conserva\u00e7\u00e3o da Fauna Silvestre: 4 vagas<\/li>\n<li>Inspe\u00e7\u00e3o de Produtos de Origem Animal: 2 vagas<\/li>\n<li>Laborat\u00f3rio Cl\u00ednico: 2 vagas<\/li>\n<\/ol>\n<p>&nbsp;<\/p>\n<p>* O n\u00famero total de vagas pode sofrer modifica\u00e7\u00f5es a depender do ano, mas ser\u00e1 sempre indicada no edital de sele\u00e7\u00e3o.<\/p>\n","protected":false},"excerpt":{"rendered":"<p>O Programa de Resid\u00eancia em Medicina Veterin\u00e1ria conta com 10 diferentes \u00e1reas da medicina veterin\u00e1ria, listadas abaixo, juntamente com o n\u00famero de vagas totais de cada \u00e1rea*, as quais s\u00e3o distribu\u00eddas entre residentes do primeiro (R1) e segundo (R2) anos. &nbsp; Anatomia Patol\u00f3gica: 2 vagas Anestesiologia Veterin\u00e1ria: 2 vagas Cl\u00ednica Cir\u00fargica de Pequenos Animais: 6 [&hellip;]<\/p>\n","protected":false},"author":4,"featured_media":0,"parent":47,"menu_order":0,"comment_status":"closed","ping_status":"closed","template":"","meta":{"_acf_changed":false,"episode_type":"","audio_file":"","podmotor_file_id":"","podmotor_episode_id":"","cover_image":"","cover_image_id":"","duration":"","filesize":"","filesize_raw":"","date_recorded":"","explicit":"","block":"","itunes_episode_number":"","itunes_title":"","itunes_season_number":"","itunes_episode_type":"","footnotes":""},"class_list":["post-635","page","type-page","status-publish","hentry"],"acf":[],"_links":{"self":[{"href":"https:\/\/hvp.ufpr.br\/index.php?rest_route=\/wp\/v2\/pages\/635","targetHints":{"allow":["GET"]}}],"collection":[{"href":"https:\/\/hvp.ufpr.br\/index.php?rest_route=\/wp\/v2\/pages"}],"about":[{"href":"https:\/\/hvp.ufpr.br\/index.php?rest_route=\/wp\/v2\/types\/page"}],"author":[{"embeddable":true,"href":"https:\/\/hvp.ufpr.br\/index.php?rest_route=\/wp\/v2\/users\/4"}],"replies":[{"embeddable":true,"href":"https:\/\/hvp.ufpr.br\/index.php?rest_route=%2Fwp%2Fv2%2Fcomments&post=635"}],"version-history":[{"count":3,"href":"https:\/\/hvp.ufpr.br\/index.php?rest_route=\/wp\/v2\/pages\/635\/revisions"}],"predecessor-version":[{"id":1451,"href":"https:\/\/hvp.ufpr.br\/index.php?rest_route=\/wp\/v2\/pages\/635\/revisions\/1451"}],"up":[{"embeddable":true,"href":"https:\/\/hvp.ufpr.br\/index.php?rest_route=\/wp\/v2\/pages\/47"}],"wp:attachment":[{"href":"https:\/\/hvp.ufpr.br\/index.php?rest_route=%2Fwp%2Fv2%2Fmedia&parent=635"}],"curies":[{"name":"wp","href":"https:\/\/api.w.org\/{rel}","templated":true}]}}