{"id":428,"date":"2021-09-27T16:53:14","date_gmt":"2021-09-27T19:53:14","guid":{"rendered":"https:\/\/hvp.ufpr.br\/?page_id=428"},"modified":"2021-12-14T15:20:09","modified_gmt":"2021-12-14T18:20:09","slug":"planejamento-estrategico","status":"publish","type":"page","link":"https:\/\/hvp.ufpr.br\/?page_id=428","title":{"rendered":"Planejamento Estrat\u00e9gico"},"content":{"rendered":"<p><a href=\"https:\/\/hvp.ufpr.br\/wp-content\/uploads\/2021\/12\/PLANEJAMENTO-ESTRATEGICO-DO-HOSPITAL-VETERINARIO-DO-SETOR-PALOTINA-A-NO-INTERSTICIO-2021-2025-1.pdf\">PLANEJAMENTO ESTRAT\u00c9GICO DO HOSPITAL VETERIN\u00c1RIO DO SETOR PALOTINA A NO INTERST\u00cdCIO 2021-2025<\/a><\/p>\n","protected":false},"excerpt":{"rendered":"<p>PLANEJAMENTO ESTRAT\u00c9GICO DO HOSPITAL VETERIN\u00c1RIO DO SETOR PALOTINA A NO INTERST\u00cdCIO 2021-2025<\/p>\n","protected":false},"author":3,"featured_media":0,"parent":0,"menu_order":0,"comment_status":"closed","ping_status":"closed","template":"","meta":{"_acf_changed":false,"episode_type":"","audio_file":"","podmotor_file_id":"","podmotor_episode_id":"","cover_image":"","cover_image_id":"","duration":"","filesize":"","filesize_raw":"","date_recorded":"","explicit":"","block":"","itunes_episode_number":"","itunes_title":"","itunes_season_number":"","itunes_episode_type":"","footnotes":""},"class_list":["post-428","page","type-page","status-publish","hentry"],"acf":[],"_links":{"self":[{"href":"https:\/\/hvp.ufpr.br\/index.php?rest_route=\/wp\/v2\/pages\/428","targetHints":{"allow":["GET"]}}],"collection":[{"href":"https:\/\/hvp.ufpr.br\/index.php?rest_route=\/wp\/v2\/pages"}],"about":[{"href":"https:\/\/hvp.ufpr.br\/index.php?rest_route=\/wp\/v2\/types\/page"}],"author":[{"embeddable":true,"href":"https:\/\/hvp.ufpr.br\/index.php?rest_route=\/wp\/v2\/users\/3"}],"replies":[{"embeddable":true,"href":"https:\/\/hvp.ufpr.br\/index.php?rest_route=%2Fwp%2Fv2%2Fcomments&post=428"}],"version-history":[{"count":3,"href":"https:\/\/hvp.ufpr.br\/index.php?rest_route=\/wp\/v2\/pages\/428\/revisions"}],"predecessor-version":[{"id":597,"href":"https:\/\/hvp.ufpr.br\/index.php?rest_route=\/wp\/v2\/pages\/428\/revisions\/597"}],"wp:attachment":[{"href":"https:\/\/hvp.ufpr.br\/index.php?rest_route=%2Fwp%2Fv2%2Fmedia&parent=428"}],"curies":[{"name":"wp","href":"https:\/\/api.w.org\/{rel}","templated":true}]}}

Planejamento Estratégico

<p><a href="https://hvp.ufpr.br/wp-content/uploads/2021/12/PLANEJAMENTO-ESTRATEGICO-DO-HOSPITAL-VETERINARIO-DO-SETOR-PALOTINA-A-NO-INTERSTICIO-2021-2025-1.pdf">PLANEJAMENTO ESTRATÉGICO DO HOSPITAL VETERINÁRIO DO SETOR PALOTINA A NO INTERSTÍCIO 2021-2025</a></p>

<p>PLANEJAMENTO ESTRATÉGICO DO HOSPITAL VETERINÁRIO DO SETOR PALOTINA A NO INTERSTÍCIO 2021-2025</p>
