{"id":1336,"date":"2025-02-24T09:14:49","date_gmt":"2025-02-24T12:14:49","guid":{"rendered":"https:\/\/hvp.ufpr.br\/?page_id=1336"},"modified":"2026-04-17T08:23:24","modified_gmt":"2026-04-17T11:23:24","slug":"ambulatorio-de-terapias-integrativas-e-complementares-atico","status":"publish","type":"page","link":"https:\/\/hvp.ufpr.br\/?page_id=1336","title":{"rendered":"Ambulat\u00f3rio de Terapias Integrativas e Reabilita\u00e7\u00e3o Animal &#8211; ATICO"},"content":{"rendered":"<div align=\"justify\">\n<p>O ATICO foi implantado no Hospital Veterin\u00e1rio (HV) em 2022, sob Coordena\u00e7\u00e3o da Prof. Erica Guirro. A partir de 2025, o ATICO passou a ter um ambulat\u00f3rio pr\u00f3prio e p\u00f4de expandir suas atividades.<\/p>\n<div>\n<div align=\"justify\">\n<p>O ATICO atende c\u00e3es, gatos e animais silvestres. As t\u00e9cnicas oferecidas incluem acupuntura, moxaterapia, homeopatia, florais de Bach, fotobiomodula\u00e7\u00e3o (LASER e led), ozonioterapia, aromaterapia, cromoterapia, medicina canabinoide, magnetoterapia, eletroestimula\u00e7\u00e3o, ultrassonografia terap\u00eautica e cinesioterapia.<\/p>\n<div>\n<div align=\"justify\">\n<p>Esse ambulat\u00f3rio inclui a participa\u00e7\u00e3o de alunos de gradua\u00e7\u00e3o e de p\u00f3s-gradua\u00e7\u00e3o e sedia projetos de pesquisa e de extens\u00e3o, al\u00e9m de aulas pr\u00e1ticas relacionadas ao tema.div&gt;<\/p>\n<div align=\"justify\">\n<p>Curiosidades: cada setor do HV utiliza jalecos de uma determinada cor, para facilitar a identifica\u00e7\u00e3o dos profissionais. No ATICO a cor \u00e9 lavanda! Temos uma logo espec\u00edfica, veja nas fotos! Nos siga em @atico.integrativa.animal.<\/p>\n<div>\n<div align=\"justify\">\n<p>Seu pet precisa desse tipo de atendimento? \u00c9 simples!<\/p>\n<div>\n<div align=\"justify\">\n<p>Pe\u00e7a para seu M\u00e9dico Veterin\u00e1rio de confian\u00e7a fazer o encaminhamento do caso, informando os detalhes e os exames j\u00e1 realizados. Gostamos de trabalhar em parceria: ele continuar\u00e1 sendo o respons\u00e1vel cl\u00ednico, enquanto o ATICO assumir\u00e1 a medicina integrativa e a reabilita\u00e7\u00e3o do paciente. Para cada caso vamos selecionar as t\u00e9cnicas mais adequadas para estabelecer protocolos individualizados, ajustados conforme a evolu\u00e7\u00e3o do paciente.<\/p>\n<div>\n<div align=\"justify\">\n<p>Para agendar a consulta no ATICO entre em contato com o HV.<\/p>\n<div>\n<table>\n<tbody>\n<tr>\n<td><a href=\"https:\/\/hvp.ufpr.br\/wp-content\/uploads\/2025\/02\/erica1-1.jpg\"><img loading=\"lazy\" decoding=\"async\" class=\"alignnone wp-image-1342 size-medium\" src=\"https:\/\/hvp.ufpr.br\/wp-content\/uploads\/2025\/02\/erica1-1-300x300.jpg\" alt=\"\" width=\"300\" height=\"300\" srcset=\"https:\/\/hvp.ufpr.br\/wp-content\/uploads\/2025\/02\/erica1-1-300x300.jpg 300w, https:\/\/hvp.ufpr.br\/wp-content\/uploads\/2025\/02\/erica1-1-150x150.jpg 150w, https:\/\/hvp.ufpr.br\/wp-content\/uploads\/2025\/02\/erica1-1.jpg 538w\" sizes=\"auto, (max-width: 300px) 100vw, 300px\" \/><\/a><\/td>\n<td><a href=\"https:\/\/hvp.ufpr.br\/wp-content\/uploads\/2025\/02\/erica2-1.jpg\"><img loading=\"lazy\" decoding=\"async\" class=\"alignnone wp-image-1343 size-medium\" src=\"https:\/\/hvp.ufpr.br\/wp-content\/uploads\/2025\/02\/erica2-1-225x300.jpg\" alt=\"\" width=\"225\" height=\"300\" srcset=\"https:\/\/hvp.ufpr.br\/wp-content\/uploads\/2025\/02\/erica2-1-225x300.jpg 225w, https:\/\/hvp.ufpr.br\/wp-content\/uploads\/2025\/02\/erica2-1.jpg 469w\" sizes=\"auto, (max-width: 225px) 100vw, 225px\" \/><\/a><\/td>\n<\/tr>\n<tr>\n<td><a href=\"https:\/\/hvp.ufpr.br\/wp-content\/uploads\/2025\/02\/erica3-1.jpg\"><img loading=\"lazy\" decoding=\"async\" class=\"alignnone wp-image-1345 size-medium\" src=\"https:\/\/hvp.ufpr.br\/wp-content\/uploads\/2025\/02\/erica3-1-225x300.jpg\" alt=\"\" width=\"225\" height=\"300\" srcset=\"https:\/\/hvp.ufpr.br\/wp-content\/uploads\/2025\/02\/erica3-1-225x300.jpg 225w, https:\/\/hvp.ufpr.br\/wp-content\/uploads\/2025\/02\/erica3-1.jpg 402w\" sizes=\"auto, (max-width: 225px) 100vw, 225px\" \/><\/a><\/td>\n<td><a href=\"https:\/\/hvp.ufpr.br\/wp-content\/uploads\/2025\/02\/erica4-1.jpg\"><img loading=\"lazy\" decoding=\"async\" class=\"alignnone wp-image-1346 size-medium\" src=\"https:\/\/hvp.ufpr.br\/wp-content\/uploads\/2025\/02\/erica4-1-300x225.jpg\" alt=\"\" width=\"300\" height=\"225\" srcset=\"https:\/\/hvp.ufpr.br\/wp-content\/uploads\/2025\/02\/erica4-1-300x225.jpg 300w, https:\/\/hvp.ufpr.br\/wp-content\/uploads\/2025\/02\/erica4-1.jpg 647w\" sizes=\"auto, (max-width: 300px) 100vw, 300px\" \/><\/a><\/td>\n<\/tr>\n<tr>\n<td><a href=\"https:\/\/hvp.ufpr.br\/wp-content\/uploads\/2025\/02\/erica5.jpg\"><img loading=\"lazy\" decoding=\"async\" class=\"alignnone wp-image-1347 size-medium\" src=\"https:\/\/hvp.ufpr.br\/wp-content\/uploads\/2025\/02\/erica5-300x225.jpg\" alt=\"\" width=\"300\" height=\"225\" srcset=\"https:\/\/hvp.ufpr.br\/wp-content\/uploads\/2025\/02\/erica5-300x225.jpg 300w, https:\/\/hvp.ufpr.br\/wp-content\/uploads\/2025\/02\/erica5.jpg 640w\" sizes=\"auto, (max-width: 300px) 100vw, 300px\" \/><\/a><\/td>\n<td><a href=\"https:\/\/hvp.ufpr.br\/wp-content\/uploads\/2025\/02\/erica6.jpg\"><img loading=\"lazy\" decoding=\"async\" class=\"alignnone wp-image-1348 size-medium\" src=\"https:\/\/hvp.ufpr.br\/wp-content\/uploads\/2025\/02\/erica6-225x300.jpg\" alt=\"\" width=\"225\" height=\"300\" srcset=\"https:\/\/hvp.ufpr.br\/wp-content\/uploads\/2025\/02\/erica6-225x300.jpg 225w, https:\/\/hvp.ufpr.br\/wp-content\/uploads\/2025\/02\/erica6.jpg 413w\" sizes=\"auto, (max-width: 225px) 100vw, 225px\" \/><\/a><\/td>\n<\/tr>\n<tr>\n<td><a href=\"https:\/\/hvp.ufpr.br\/wp-content\/uploads\/2025\/02\/erica7.jpg\"><img loading=\"lazy\" decoding=\"async\" class=\"alignnone wp-image-1349 size-medium\" src=\"https:\/\/hvp.ufpr.br\/wp-content\/uploads\/2025\/02\/erica7-225x300.jpg\" alt=\"\" width=\"225\" height=\"300\" srcset=\"https:\/\/hvp.ufpr.br\/wp-content\/uploads\/2025\/02\/erica7-225x300.jpg 225w, https:\/\/hvp.ufpr.br\/wp-content\/uploads\/2025\/02\/erica7.jpg 411w\" sizes=\"auto, (max-width: 225px) 100vw, 225px\" \/><\/a><\/td>\n<td><a href=\"https:\/\/hvp.ufpr.br\/wp-content\/uploads\/2025\/02\/erica8.jpg\"><img loading=\"lazy\" decoding=\"async\" class=\"alignnone wp-image-1350 size-medium\" src=\"https:\/\/hvp.ufpr.br\/wp-content\/uploads\/2025\/02\/erica8-225x300.jpg\" alt=\"\" width=\"225\" height=\"300\" srcset=\"https:\/\/hvp.ufpr.br\/wp-content\/uploads\/2025\/02\/erica8-225x300.jpg 225w, https:\/\/hvp.ufpr.br\/wp-content\/uploads\/2025\/02\/erica8.jpg 403w\" sizes=\"auto, (max-width: 225px) 100vw, 225px\" \/><\/a><\/td>\n<\/tr>\n<tr>\n<td><a href=\"https:\/\/hvp.ufpr.br\/wp-content\/uploads\/2025\/02\/erica9.jpg\"><img loading=\"lazy\" decoding=\"async\" class=\"alignnone wp-image-1352 size-medium\" src=\"https:\/\/hvp.ufpr.br\/wp-content\/uploads\/2025\/02\/erica9-225x300.jpg\" alt=\"\" width=\"225\" height=\"300\" srcset=\"https:\/\/hvp.ufpr.br\/wp-content\/uploads\/2025\/02\/erica9-225x300.jpg 225w, https:\/\/hvp.ufpr.br\/wp-content\/uploads\/2025\/02\/erica9.jpg 479w\" sizes=\"auto, (max-width: 225px) 100vw, 225px\" \/><\/a><\/td>\n<td><\/td>\n<\/tr>\n<\/tbody>\n<\/table>\n<\/div>\n<\/div>\n<\/div>\n<\/div>\n<\/div>\n<\/div>\n<\/div>\n<\/div>\n<\/div>\n<\/div>\n<\/div>\n<\/div>\n<\/div>\n","protected":false},"excerpt":{"rendered":"<p>O ATICO foi implantado no Hospital Veterin\u00e1rio (HV) em 2022, sob Coordena\u00e7\u00e3o da Prof. Erica Guirro. A partir de 2025, o ATICO passou a ter um ambulat\u00f3rio pr\u00f3prio e p\u00f4de expandir suas atividades. O ATICO atende c\u00e3es, gatos e animais silvestres. As t\u00e9cnicas oferecidas incluem acupuntura, moxaterapia, homeopatia, florais de Bach, fotobiomodula\u00e7\u00e3o (LASER e led), [&hellip;]<\/p>\n","protected":false},"author":4,"featured_media":0,"parent":0,"menu_order":0,"comment_status":"closed","ping_status":"closed","template":"","meta":{"_acf_changed":false,"episode_type":"","audio_file":"","podmotor_file_id":"","podmotor_episode_id":"","cover_image":"","cover_image_id":"","duration":"","filesize":"","filesize_raw":"","date_recorded":"","explicit":"","block":"","itunes_episode_number":"","itunes_title":"","itunes_season_number":"","itunes_episode_type":"","footnotes":""},"class_list":["post-1336","page","type-page","status-publish","hentry"],"acf":[],"_links":{"self":[{"href":"https:\/\/hvp.ufpr.br\/index.php?rest_route=\/wp\/v2\/pages\/1336","targetHints":{"allow":["GET"]}}],"collection":[{"href":"https:\/\/hvp.ufpr.br\/index.php?rest_route=\/wp\/v2\/pages"}],"about":[{"href":"https:\/\/hvp.ufpr.br\/index.php?rest_route=\/wp\/v2\/types\/page"}],"author":[{"embeddable":true,"href":"https:\/\/hvp.ufpr.br\/index.php?rest_route=\/wp\/v2\/users\/4"}],"replies":[{"embeddable":true,"href":"https:\/\/hvp.ufpr.br\/index.php?rest_route=%2Fwp%2Fv2%2Fcomments&post=1336"}],"version-history":[{"count":7,"href":"https:\/\/hvp.ufpr.br\/index.php?rest_route=\/wp\/v2\/pages\/1336\/revisions"}],"predecessor-version":[{"id":1622,"href":"https:\/\/hvp.ufpr.br\/index.php?rest_route=\/wp\/v2\/pages\/1336\/revisions\/1622"}],"wp:attachment":[{"href":"https:\/\/hvp.ufpr.br\/index.php?rest_route=%2Fwp%2Fv2%2Fmedia&parent=1336"}],"curies":[{"name":"wp","href":"https:\/\/api.w.org\/{rel}","templated":true}]}}