{"id":127,"date":"2021-08-26T16:39:30","date_gmt":"2021-08-26T19:39:30","guid":{"rendered":"https:\/\/hvp.ufpr.br\/?page_id=127"},"modified":"2026-02-11T16:37:45","modified_gmt":"2026-02-11T19:37:45","slug":"atendimento-ao-publico","status":"publish","type":"page","link":"https:\/\/hvp.ufpr.br\/","title":{"rendered":"Atendimento ao P\u00fablico"},"content":{"rendered":"<p><strong>Hor\u00e1rio de Atendimento:<\/strong> De segunda \u00e0 sexta-feira das 8h00 \u00e0s 12h00 e das 13h00 \u00e0s 17h30.<\/p>\n<p><strong>Atendimento de Pequenos Animais (C\u00e3es e Gatos):<\/strong><\/p>\n<p style=\"text-align: justify;\">&#8211; Para agendar consultas e exames, entre em contato pelo telefone <strong><em>(44) 99752-0021<\/em><\/strong> via liga\u00e7\u00e3o telef\u00f4nica ou mensagem de texto.<\/p>\n<p>&#8211; N\u00e3o oferecemos atendimento noturno, nos fins de semana e feriados para c\u00e3es e gatos.<\/p>\n<p><strong>Atendimentos de Emerg\u00eancia:<\/strong><\/p>\n<p style=\"text-align: justify;\">&#8211; Atendimentos de emerg\u00eancia (para pacientes com elevado risco de morte) podem ocorrer sem agendamento pr\u00e9vio, desde que o Hospital Veterin\u00e1rio de Palotina tenha condi\u00e7\u00f5es de prestar o atendimento adequado no momento da emerg\u00eancia.<\/p>\n<p><strong>Atendimento Veterin\u00e1rio para Animais de Grande Porte:<\/strong><\/p>\n<p style=\"text-align: justify;\">&#8211; Para garantir o melhor cuidado e atendimento aos nossos pacientes de grande porte, como equinos, bovinos, caprinos, ovinos e su\u00ednos, o Hospital Veterin\u00e1rio da UFPR &#8211; Setor Palotina oferece servi\u00e7os tanto em hor\u00e1rio comercial quanto em casos emergenciais, incluindo atendimentos noturnos, nos fins de semana e feriados.<\/p>\n<p style=\"text-align: justify;\">&#8211; Para agendar um atendimento em hor\u00e1rio comercial ou em situa\u00e7\u00f5es emergenciais, pedimos que entre em contato diretamente conosco pelo telefone <strong><em>(44) 99775-0213.<\/em><\/strong> Nossa equipe est\u00e1 pronta para oferecer a assist\u00eancia necess\u00e1ria e garantir o bem-estar dos seus animais.<\/p>\n<p style=\"text-align: justify;\">&#8211; Contamos com uma equipe dedicada e instala\u00e7\u00f5es adequadas para proporcionar o melhor tratamento poss\u00edvel aos nossos pacientes de grande porte.<\/p>\n<p><strong>Servi\u00e7o de Atendimento de Animais Silvestres e Ex\u00f3tico<\/strong><\/p>\n<p style=\"text-align: justify;\">O Servi\u00e7o de Atendimento de Animais Silvestres e Ex\u00f3ticos do Hospital Veterin\u00e1rio da UFPR Setor Palotina (SAAS-HVP) realiza o atendimento permanente deste 2011. Atualmente, nossa equipe \u00e9 formada por um professor orientador, tr\u00eas m\u00e9dicas veterin\u00e1rias residentes, uma tratadora e estagi\u00e1rios e conta com a colabora\u00e7\u00e3o de v\u00e1rias outras especialidades que atuam no HVP para uma melhor aten\u00e7\u00e3o aos pacientes. Nossa estrutura conta com consult\u00f3rio, tr\u00eas salas de interna\u00e7\u00e3o, ambulat\u00f3rio e cozinha, al\u00e9m de tr\u00eas viveiros externos para auxiliar na reabilita\u00e7\u00e3o de animais de vida livre.<\/p>\n<p style=\"text-align: justify;\"><strong>Nossa equipe est\u00e1 dispon\u00edvel 24 horas por dia, para o recebimento de fauna silvestre nativa brasileira de vida livre, em emerg\u00eancia<\/strong>. Neste grupo, incluem-se corujas, gavi\u00f5es, maritacas, pombas, cachorros-do-mato, gamb\u00e1s, ouri\u00e7os, quatis, macacos, on\u00e7as, gatos-do-mato, serpentes, entre outros (ENVIAR FOTO DO ANIMAL PARA IDENTIFICA\u00c7\u00c3O). <strong>Nosso telefone de emerg\u00eancia \u00e9 o<\/strong> <em><strong>(44) 99742-0258<\/strong><\/em>.<\/p>\n<p style=\"text-align: justify;\">Al\u00e9m disso, o SAAS atende Pets N\u00e3o Convencionais, seguindo o hor\u00e1rio comercial do HVP, com agendamento pelo telefone <em><strong>(44) 99752-0021<\/strong><\/em>. Neste grupo, incluem-se as calopsitas, coelhos, hamsters, papagaios e outros animais sob cuidados humanos em DOMIC\u00cdLIO e que possuam respons\u00e1veis pelos animais.<\/p>\n<p>Os servi\u00e7os prestados s\u00e3o:<br \/>\n\u00b7 Consultas;<br \/>\n\u00b7 Cirurgias;<br \/>\n\u00b7 Exames complementares;<br \/>\n\u00b7 Interna\u00e7\u00e3o;<br \/>\n\u00b7 Recebimento, triagem, reabilita\u00e7\u00e3o e reintrodu\u00e7\u00e3o de animais de vida livre.<\/p>\n<h2 align=\"justify\"><span style=\"color: #0000ff;\"><strong><a style=\"color: #0000ff;\" href=\"https:\/\/forms.gle\/ghshfNTCgThrLga86\"><em>Pesquisa de satisfa\u00e7\u00e3o<\/em><\/a><\/strong><\/span> &#8211; Pela melhoria dos nossos servi\u00e7os a equipe do HV-UFPR-Palotina agradece a sua participa\u00e7\u00e3o.<\/h2>\n","protected":false},"excerpt":{"rendered":"<p>Hor\u00e1rio de Atendimento: De segunda \u00e0 sexta-feira das 8h00 \u00e0s 12h00 e das 13h00 \u00e0s 17h30. Atendimento de Pequenos Animais (C\u00e3es e Gatos): &#8211; Para agendar consultas e exames, entre em contato pelo telefone (44) 99752-0021 via liga\u00e7\u00e3o telef\u00f4nica ou mensagem de texto. &#8211; N\u00e3o oferecemos atendimento noturno, nos fins de semana e feriados para [&hellip;]<\/p>\n","protected":false},"author":3,"featured_media":0,"parent":0,"menu_order":0,"comment_status":"closed","ping_status":"closed","template":"","meta":{"_acf_changed":false,"episode_type":"","audio_file":"","podmotor_file_id":"","podmotor_episode_id":"","cover_image":"","cover_image_id":"","duration":"","filesize":"","filesize_raw":"","date_recorded":"","explicit":"","block":"","itunes_episode_number":"","itunes_title":"","itunes_season_number":"","itunes_episode_type":"","footnotes":""},"class_list":["post-127","page","type-page","status-publish","hentry"],"acf":[],"_links":{"self":[{"href":"https:\/\/hvp.ufpr.br\/index.php?rest_route=\/wp\/v2\/pages\/127","targetHints":{"allow":["GET"]}}],"collection":[{"href":"https:\/\/hvp.ufpr.br\/index.php?rest_route=\/wp\/v2\/pages"}],"about":[{"href":"https:\/\/hvp.ufpr.br\/index.php?rest_route=\/wp\/v2\/types\/page"}],"author":[{"embeddable":true,"href":"https:\/\/hvp.ufpr.br\/index.php?rest_route=\/wp\/v2\/users\/3"}],"replies":[{"embeddable":true,"href":"https:\/\/hvp.ufpr.br\/index.php?rest_route=%2Fwp%2Fv2%2Fcomments&post=127"}],"version-history":[{"count":44,"href":"https:\/\/hvp.ufpr.br\/index.php?rest_route=\/wp\/v2\/pages\/127\/revisions"}],"predecessor-version":[{"id":1576,"href":"https:\/\/hvp.ufpr.br\/index.php?rest_route=\/wp\/v2\/pages\/127\/revisions\/1576"}],"wp:attachment":[{"href":"https:\/\/hvp.ufpr.br\/index.php?rest_route=%2Fwp%2Fv2%2Fmedia&parent=127"}],"curies":[{"name":"wp","href":"https:\/\/api.w.org\/{rel}","templated":true}]}}